.
7
Let f(l) = -10*l - 6. Let i(g) = 3*g + 4. Let k(q) = -f(q) - 3*i(q). Give k(-14).
-20
Let z(y) = 23*y**2 - 9*y + 9*y + 11. Let b(k) = -6*k**2 - 3. Let g(t) = -22*b(t) - 6*z(t). What is g(-1)?
-6
Let j(z) = z**3 - 5*z**2 - 5*z - 8. Let g = -7 - -13. Let i be j(g). Let r(l) = -12*l + 4. Let p(v) = -4*v + 1. Let b(o) = 7*p(o) - 2*r(o). What is b(i)?
7
Let o(m) = m**2 - 3. Suppose 14*k = 9*k + 30. Suppose -k*t = 6*t - 5*t. What is o(t)?
-3
Let c(o) = o**3 - 2*o + 3. Let h = 2161 + -2159. Determine c(h).
7
Let z(t) be the third derivative of 8*t**2 + 1/24*t**4 + 0*t + 0 + 0*t**3. Calculate z(-4).
-4
Let z(i) = i**2 - 2*i - 12. Let x be (2/(16/20))/(2/4). Determine z(x).
3
Suppose 0 = -3*x - 3*w - 30, -17 = 4*x - w - 7. Let a(r) = 3*r - 2*r + 5 + 6*r. Determine a(x).
-23
Let s(n) = n**3 - n**2 + 2*n - 1. Let v(p) = -5*p**3 + 10*p**2 - 10*p + 18. Let y(h) = 4*s(h) + v(h). Give y(6).
2
Let m(r) = 3*r**2 - 12*r - 13. Let z be m(-1). Let u(a) be the first derivative of 7 + 3*a + 4*a**z + 1/3*a**3. Give u(-5).
-12
Let f(t) = -t**2 - 5*t + 6. Let b be f(-6). Suppose 3*a - 5*a + 10 = b. Suppose a*i - i - 16 = 0. Let q(c) = -2*c. What is q(i)?
-8
Let k(n) = -2*n - 16. Let i(a) = -a - 8. Let c(t) = -7*i(t) + 3*k(t). Suppose -24 = -7*y - y. Suppose 4*d + y = -17. Calculate c(d).
3
Suppose 16 = -z - 3*z, -16 = -4*x - 4*z. Let w(h) be the first derivative of h**4/4 - 3*h**3 + 4*h**2 - 4*h - 1. Calculate w(x).
-4
Suppose 4*q - 1 = i, -2*i - 27 = 2*q + 3*i. Let l(j) = 22*j + 1. Calculate l(q).
-21
Let p(x) = x**3 + 4*x**2 + x - 4. Suppose f + 252 = -3*f. Suppose -5*h - 2*a = 28, 4*h - a - 5 = -17. Let u be (h/(-6))/(14/f). Determine p(u).
2
Let q(o) = o**3 + 10*o**2 + 9*o. Let v be q(-9). Suppose 13*h - 12*h - 5 = v. Let t(c) = -c**3 + 5*c**2 + 2*c - 2. Give t(h).
8
Let d(v) = -v**3 - 10*v**2 + 7*v - 7. Let z = -1500 - -1489. Calculate d(z).
37
Let q(r) = -r**3 - 21*r**2 - 1. Let v(w) = -w**3 - 20*w**2. Let j(g) = 3*q(g) - 4*v(g). Determine j(-17).
-3
Suppose -4 + 16 = 3*o. Suppose 3*i = o + 8. Let m(x) = -2*x - 1. Let k(y) = -3*y. Let j(q) = -4*k(q) + 5*m(q). Give j(i).
3
Let a(z) be the first derivative of -z**3/3 - 2*z**2 + 3*z - 25. Let x be 51/(-12) - (-2)/8. What is a(x)?
3
Let b(u) = 10 + 4*u - 6 - 5 - 5 + 8. Calculate b(1).
6
Let b(x) be the second derivative of 0 - 1/6*x**3 - 5/2*x**2 + 21*x. Determine b(-3).
-2
Let q(w) = -4*w. Suppose -2*a = 3*d - 5, -d - 9 = -4*a - 6*d. What is q(a)?
-4
Let q(v) = 7*v**3 - 13*v**2 - 13*v - 6. Let a(c) = 4*c**3 - 7*c**2 - 7*c - 4. Let y(d) = -5*a(d) + 3*q(d). Determine y(5).
7
Let p(g) be the second derivative of -g**5/20 + 7*g**4/12 + 2*g**3 - 17*g**2/2 + 26*g + 11. What is p(8)?
15
Suppose 2*i + 49 + 1 = 0. Let q = i + 31. Let n(f) = -1. Let k(z) = z**3 - 7*z**2 + 5*z + 7. Let c(a) = k(a) + n(a). Determine c(q).
0
Let y(z) = -z**3 + 3*z**2 - 29 + 6 + 6*z + 13. Calculate y(4).
-2
Let d be 1178/(-228) - (-12)/2. Let p(y) be the second derivative of 5*y - d*y**3 + 5/12*y**4 + 0 - y**2 - 1/20*y**5. Give p(4).
-6
Let p(z) = 3*z**3 - z**2 + z + 7. Let t(v) = -v**3 + v**2 - v. Let o(k) = p(k) + 2*t(k). Give o(0).
7
Let n(r) = r**2 - 4*r - 4. Let j be 27/18*8/6. Suppose 4*k - z = 3*k + j, 3*k - 30 = -5*z. Calculate n(k).
1
Let u(a) be the second derivative of -a**5/20 + a**4/12 + a**2/2 + 4*a. Let z(b) = -8*b + 161. Let g be z(20). Calculate u(g).
1
Let p(b) = b**2 + 5*b + 3. Suppose 3*x = 3*g + 107 + 25, 40 = -g + 2*x. Let o = 44 + g. What is p(o)?
-1
Let m(j) = -j**3 + 5*j**2 + 2*j + 6. Let f be (-3)/9 + 95/15. Give m(f).
-18
Let l(p) be the second derivative of 1/2*p**4 + 0 - 1/12*p**5 + 1/360*p**6 - 11/6*p**3 + 4*p + 0*p**2. Let r(h) be the second derivative of l(h). What is r(8)?
-4
Let w(v) = v**3 + 7*v**2 - v - 16. Suppose -83 = 10*y - 13. Calculate w(y).
-9
Let j = 488 - 483. Let o(k) = 3*k - 13. Give o(j).
2
Let o(l) be the first derivative of -l**3/3 - 3*l**2/2 + 4*l + 133. Determine o(-5).
-6
Let a(r) = 2*r**3 - r**2 - 2*r + 6. Let y(z) = 7*z**3 - 4*z**2 - 7*z + 22. Let i(m) = 22*a(m) - 6*y(m). Determine i(2).
20
Let y(o) = -2*o**2 - 12*o + 17. Suppose -36 = 4*c - 2*l, -4*c - 6 = -2*c + 2*l. Determine y(c).
3
Let u(n) = 11 + 3*n + n**3 - 51 - 4*n + 6*n**2 + 27. Calculate u(-6).
-7
Let s(h) = 2*h**3 + 5*h - 7. Let q = 59 + -57. Let z(r) = -r**3 - 2*r + 4. Let i(g) = q*s(g) + 5*z(g). What is i(0)?
6
Let k(g) = g**3 - 6*g**2 - g + 6. Let n be 1/(-6) - 445/30. Let b be n/5 - (-1 + 2). Let s be 24/32 - 21/b. Give k(s).
0
Let u = 27 + -26. Let q be (10/(-8))/(u/4). Let d(c) = -c**3 - 6*c**2 - 4*c - 4. Determine d(q).
-9
Let q(c) = -20*c - 4 + 3 - 6 + 21*c. What is q(14)?
7
Suppose -19 = -4*v + 5*h - 1, -2*v - h + 2 = 0. Suppose -5 + v = 3*m. Let u = 0 + m. Let i(o) = 6*o. Determine i(u).
-6
Let s(t) = -4*t**2 + 5*t**2 + 9*t + 12 + 0*t**2 + 2*t. Calculate s(-10).
2
Let z(f) = -2*f. Let h be (0 - -4) + (-1 + 4 - 4). Suppose h*v - 10*v = -28. Determine z(v).
-8
Let t(u) = -7 + 5 + 10*u**3 - 5 - 3*u**2 + 2 - 4*u. Let f(j) = j**3 - j**2 - j - 1. Let h be 15/21 + 4/14. Let x(b) = h*t(b) - 4*f(b). Determine x(1).
6
Suppose 4*g - 17 = -9. Let h(b) = 5*b**2 + 2*b - 1. Let m be h(-3). Suppose 39*f = m*f + g. Let d(r) = -r**3 + r**2 + r - 2. Give d(f).
-4
Let a(w) = 4*w**2 + 3*w - 4. Suppose 5*b + 2*z = 2, 3*z + 8 = -b - 2. What is a(b)?
18
Let s = 30 - 33. Let l(o) = -3*o**3 + 6*o**2 + 14*o + 9. Let w(a) = a**3 - 2*a**2 - 5*a - 3. Let c(b) = s*l(b) - 8*w(b). Determine c(-2).
-15
Let a(m) = m**3 + 8*m**2 - 3*m - 10. Let s = 178 - 186. Calculate a(s).
14
Let z(i) = -i**2 - 1. Let d(k) = k**2 + 6*k - 6. Let w be d(-7). Let m = w + -7. Let l be (-8)/48 + 11/m. Determine z(l).
-5
Let u(y) = -10*y**2 - 2*y - 1. Let v be 36/16 - 1/4. Suppose 7*w + 9 = -v*w. Determine u(w).
-9
Let m(v) be the third derivative of v**5/60 - v**4/6 - v**3 - 106*v**2 - 2*v. Give m(6).
6
Let k(h) = h**2 - h + 12. Let u(l) = 2*l**2 - 3*l + 22. Let w(v) = -11*k(v) + 6*u(v). What is w(4)?
-12
Let g(y) = -y - 14. Suppose 3*r = 5*v - 43, 6*r + 3*v = 5*r - 5. Give g(r).
-3
Let t be (4/(-3))/(16/48). Let x = 2 + 0. Let o be (1 - -1)*x/t. Let p(d) = -d**3 - 1. Determine p(o).
0
Let b(n) be the second derivative of -n**5/20 - 3*n**4/4 - 5*n**3/3 - 5*n**2/2 + 74*n. Determine b(-8).
11
Let w(j) be the first derivative of -j**3/3 + 4*j**2 - 5*j + 275. Determine w(9).
-14
Let r(a) = -a**3 + 8*a**2 + a + 1. Suppose m + 5 = 5*o - 0, -2*o - 12 = m. Let x = m + 18. Calculate r(x).
9
Let i be 10/2 + -1 - 2. Let t(h) = -3*h**2 + 7*h**2 - 6*h**i - h**3 + 5*h + 4. Determine t(-3).
-2
Let z(o) = -6 + 12*o + 5*o - 33*o + 11*o. Let b(m) = 4*m + 5. Let h(j) = 4*b(j) + 3*z(j). Give h(-4).
-2
Let s(a) be the first derivative of -a**2/2 + a + 52. What is s(6)?
-5
Let o(d) = -2*d**2 - 9*d. Suppose 0 = -12*p - 78 + 30. Determine o(p).
4
Suppose 3*k - 9 - 25 = -2*i, -i + 29 = 3*k. Let t(s) = 6 + 3 - s - 1. Give t(k).
0
Let b(a) = -2*a. Let g(v) = 7*v - 9. Let i(x) = 3*b(x) + g(x). Give i(6).
-3
Let s(p) = 2*p**3 + 18*p**2 + 20*p + 30. Let a be s(-8). Let m(g) = -7*g**2 + 2*g + 1. Give m(a).
-31
Let t(w) = -w - 9. Let a(m) = -4*m**3 - 1. Let j(v) = -v - 2. Let i be j(-3). Let r be a(i). What is t(r)?
-4
Let u(b) = b**3 + 4*b**2 + 3*b + 4. Let p be (-9 + (-121)/(-11))/(2/(-4)). Calculate u(p).
-8
Let k(m) be the second derivative of m**4/4 - m**3/6 + m**2/2 - 39*m. Let a be (0 - -1)*(-3 - -4). What is k(a)?
3
Let i(v) = 3*v**2 - v - 52 - 47 - 51 + 147 + 0*v**3 - 4*v**3. Calculate i(2).
-25
Suppose 5*b - 23 = -3. Suppose k + 3*k = -4*a + 16, 5*k + b*a - 22 = 0. Let y(i) = -5 - 6*i**2 - 3 + i**3 + 4 + k*i. Calculate y(5).
1
Let h(u) = -u**2 + 10*u - 5. Suppose -4*b + 5*q + 31 = 0, 2*b - 31 + 14 = 3*q. Give h(b).
19
Let y(h) = -4*h**3 + 5*h**2 + 6*h + 10. Let p(w) = 3*w**3 - 6*w**2 - 5*w - 11. Let u(v) = -5*p(v) - 4*y(v). Let d be u(-10). Let g(a) = 3*a - 6. Give g(d).
9
Let a(h) = 5*h + 3. Suppose -178*k + 60 = -168*k. Calculate a(k).
33
Let c(q) be the third derivative of q**6/120 - q**5/15 - q**4/6 - q**3/2 + q**2. Let x be 13/(104/120) + -10. Calculate c(x).
2
Let s(g) = -g**2 - 6*g - 5. Let p = 21 + -11. Let y(w) = -12*w + p*w + 3*w - 15. Let k be y(9). Calculate s(k).
-5
Let r(w) be the second derivative of -1/2*w**3 + 9*w + 1/3*w**4 + 0*w**2 + 0. Let g be (-4)/(-6) + 28/21. What